remainder when 104 is divided by o.
8
Let f(d) = d**3 - d**2 - 5*d. Calculate the remainder when f(4) is divided by 1*(-2)/(-2)*(-87 + 97).
8
Let a be (-8 + 8)*(-2)/(-2). Suppose a = c - b + 5*b + 3, 75 = 5*c + 2*b. What is the remainder when 82 is divided by c?
14
Let t = 6 + -4. Suppose -5*q = 2*w - 147, 14*q = 2*w + 18*q - 142. Calculate the remainder when w is divided by 31/t - 2/(-4).
13
Suppose 48*w = 52*w - 152. Let p(u) = 6*u**2 + 2*u. Calculate the remainder when w is divided by p(1).
6
Let w(j) = 4*j**3 + j**2 + 2*j - 5. Let t = 124 - 122. Let m = -22 + 34. What is the remainder when w(t) is divided by m?
11
Suppose 5*h = -a + 3, 4 = a + 4*h - 3. Calculate the remainder when (-43)/(2/(-3)*3/2) is divided by a.
20
Suppose 2*p - 13 = -2*p - 3*o, 3*o - 7 = 2*p. What is the remainder when 21 is divided by (32 - 23) + 2 + p?
9
Let w(k) = k**3 + 10*k**2 + 14*k - 4. What is the remainder when 58 is divided by w(-8)?
10
Let h(m) = -70*m**3 + m**2 + 2*m - 1. Let z be h(1). Let t = z - -75. Calculate the remainder when 48 is divided by t.
6
Suppose 121 = 2*o - 573. Suppose -4*x + 4*b = -436, b - o = -3*x - 0*b. Suppose m + 0*c - x = -4*c, 3*c + 86 = m. What is the remainder when m is divided by 33?
32
Suppose 91 = 5*o + 596. Let x = -75 - o. Calculate the remainder when x is divided by 7.
5
Let x(y) = -y**3 + 8*y**2 + 11*y - 17. Let l be x(9). Let t(i) = 55*i**2 + 3*i - 3. Calculate the remainder when t(l) is divided by 19.
17
Suppose -3*r - 22 = -3*b - 2*b, 3*b - 4*r = 22. Suppose g + 78 = a + 3*g, -4*a = b*g - 288. Let y = a + -50. What is the remainder when y is divided by 11?
9
Suppose 0 = 12*s - 16*s + 6*c + 1262, -4*s + c = -1267. What is the remainder when s is divided by 36?
29
Let k = 0 + -2. Calculate the remainder when (8 - 16) + 24 - 1 is divided by (-34)/(-6) - k/6.
3
Let r(x) = 8*x**3 - 3*x**2 + x - 2. Suppose 2*w = 5*q - 18, -w = q + 4*w + 18. Calculate the remainder when r(q) is divided by 11.
8
Let y = -289 + 301. What is the remainder when 80 is divided by y?
8
Let t = -386 + 439. What is the remainder when t is divided by 10?
3
Let x(a) = 2*a - 5. Let o be x(6). Let y = 39 + -24. Calculate the remainder when y is divided by o + 6 + -1 + -3.
6
Let u(l) = -l**3 + 4*l**2 - 3*l + 2. Let q be u(1). Suppose -3*t + 94 = 4*r + 14, -q*t + 15 = r. Calculate the remainder when 67 is divided by r.
21
What is the remainder when 211 is divided by 3/(2 + -8) - (-142)/4?
1
Suppose 0 = -4*w + 16, x + 0*w - 2*w - 9 = 0. Let o = -47 + -15. Let z = o + 129. Calculate the remainder when z is divided by x.
16
What is the remainder when ((-4)/8)/(61/(-10) - -6) is divided by ((-12)/9)/(4/(-6))?
1
Let y = 17 - -11. Let h = -7388 - -7471. What is the remainder when h is divided by y?
27
Calculate the remainder when 780 is divided by (-1)/((-7)/240) - 10/35.
32
Calculate the remainder when ((-3 - 1)/1)/(16/(-408)) is divided by 37.
28
Let k(j) = 2*j**3 - 5*j**2 + j + 13. Calculate the remainder when k(4) is divided by 33.
32
Suppose 28*m + 16*m = 1804. Calculate the remainder when 57 is divided by m.
16
Suppose -57*j + 432 = -45*j. What is the remainder when j is divided by 8?
4
Suppose 46*d = -5*d + 561. What is the remainder when d is divided by 9?
2
Calculate the remainder when 67 is divided by -1*(-28)/(-21)*(-27)/2.
13
Calculate the remainder when (0 - (-4)/(-6))*(-25650)/60 is divided by 16.
13
Let q = 114 + -107. Let g be -5*(-110 + -2 - 3). Calculate the remainder when (-4)/(-6) - g/(-15) is divided by q.
4
Suppose 610*k = 616*k - 1338. What is the remainder when k is divided by 75?
73
Suppose -8*p = -13*p + 4*t + 63, 3*p - 3*t - 36 = 0. Calculate the remainder when 914 is divided by p.
14
Let h(s) = -6*s + 2 - 5 + 4 - s**2. What is the remainder when 4 - 1372/(-35) - (-12)/15 is divided by h(-4)?
8
Let d(j) = -j - 3. Let r(v) = v + 5. Let u(s) = 7*d(s) + 5*r(s). Suppose 4*b + 14 = -22. Calculate the remainder when u(b) is divided by 6.
4
Suppose 42*b - 23*b - 874 = 0. Suppose 0 = -0*t + t - 12. Calculate the remainder when b is divided by t.
10
Let j(n) = 5*n - 10. Let l be j(5). Let s be (0 - -1)/(l/405). Suppose -3 = -2*w + s. What is the remainder when w is divided by 6?
3
Let d(m) = 1. Let o(t) = 3*t + 10. Let b(a) = -4*d(a) - o(a). Let c be b(-6). Calculate the remainder when (-10)/6*(-36)/c is divided by 4.
3
Let p = 4 - 4. Suppose -u + 8 = 4*w - 3*w, p = 4*w - u - 37. Suppose -r + w = -0*r. What is the remainder when r is divided by 6?
3
Let h be (0 - (-85 - 1)) + 0. Let x be (-3 + (-6)/3 + 3)*-2. Suppose -3*m + x*m - h = 0. What is the remainder when m is divided by 22?
20
Calculate the remainder when 391 is divided by (2784/(-203))/(2/(-56)).
7
Let k(y) = 7*y. Let m be k(1). Suppose 8*b - m*b = 25. Let j = -3 - -10. What is the remainder when b is divided by j?
4
Let s(l) = 23 + 17*l**2 - 44*l + 77*l - 50*l - l**3. What is the remainder when 11 is divided by s(16)?
4
Calculate the remainder when 344 is divided by (-3 + 0)*-13*(-30)/(-10).
110
Let y(j) = 133*j - 365. What is the remainder when y(4) is divided by 42?
41
Suppose 7*z = 5*z - 3*m + 179, 102 = z - m. Suppose -269 = -2*k - z. What is the remainder when k is divided by 15?
11
Let y be (-8)/((-48)/18) + 2. Suppose -s - 4*k + 2 + 26 = 0, -3*k = y*s - 89. Calculate the remainder when s is divided by 7.
2
Suppose 3*u = -4*h + 31, 9 - 2 = u + 2*h. Calculate the remainder when (-2)/4 + 198/4 is divided by u.
15
Let l(u) = 11*u - 1. Let z be l(2). Let t(d) = 4*d**2 - d - 2. Calculate the remainder when (-6)/(-4)*406/z is divided by t(-2).
13
Suppose 0 = -256*y + 246*y + 100. Calculate the remainder when 30 is divided by y.
0
Let t = 78 - 62. What is the remainder when 157 is divided by t?
13
Let n = -1324 - -1499. What is the remainder when n is divided by 60?
55
Suppose 0 = -4*b - 16, v = -0*v - 5*b + 108. Let g = v + -90. What is the remainder when 74 is divided by g?
36
Let n(c) = 62*c - 4. Let r(g) = -3*g + 1. Let z be r(-1). Suppose 2*w + 2*y - 11 = w, z*w = 3*y + 66. Calculate the remainder when n(1) is divided by w.
13
Let k(z) = -z + 5. Let h be 0 - (-1 + -1*4). Let y be k(h). Suppose -j + 10 + y = 0. What is the remainder when 28 is divided by j?
8
Suppose -2*r - 4*a + 46 = 0, -r + 66 = 3*r - 5*a. Let z be 0/(-7) + 4/2. Calculate the remainder when -3 + 76 + 1 + (z - 2) is divided by r.
17
Let b = -41 - -68. Suppose 6 = 3*v - b. Suppose 0 = 2*i - 13 - v. Calculate the remainder when 57 is divided by i.
9
Let p(v) = 11*v**2 - 25*v + 9. Calculate the remainder when p(-4) is divided by 77.
54
Suppose -28*c + 8183 = 21*c. What is the remainder when c is divided by 8?
7
Let o be (-1725)/(-35) - (-4)/(-14). Let p = -29 + o. Let r(i) = i**2 - 17*i + 129. Calculate the remainder when r(9) is divided by p.
17
Let a(c) = 4*c - 42. Calculate the remainder when 4 is divided by a(11).
0
Let u(s) = -4*s + 71. Calculate the remainder when u(-8) is divided by 10.
3
Suppose g + 5 = 2*g. Suppose g*z = 168 - 58. Calculate the remainder when z is divided by ((-6)/5)/(3/(-20)).
6
Let u(t) = 2*t**3 + t**2. Let v be u(1). What is the remainder when 34 is divided by -3 + (v - -20) + -1?
15
Suppose -2*x - 5*l = 12, l = -3*x + 2*l - 1. Let g(i) = 3*i**3 - i - 1. Let f be g(x). What is the remainder when 59 is divided by 793/39 - (-1)/f?
19
Let n = -243 + 249. What is the remainder when 52 is divided by n?
4
Let t(y) = y**3 - 6*y + 9. Let w be t(2). What is the remainder when 17 is divided by 2 + -2*(4 - w)?
1
Let l(u) = u**3 + 17*u**2 - 13*u + 102. What is the remainder when 127 is divided by l(-18)?
7
Let m(q) = q + 3. Let i = 4 - 3. Let c be 15*i*(-9)/(-15). What is the remainder when 35 is divided by m(c)?
11
Let c = -65 - -252. What is the remainder when c is divided by 48?
43
Suppose 5*s + 205 = 2*h, -s - 193 = -2*h - 0*s. Calculate the remainder when h is divided by 12.
11
Let x be 490/(-42) - (2 - (-5)/(-3)). Calculate the remainder when (-2)/(2*(-1)/34) is divided by x + 15 + (-1 - -10).
10
Let n(c) = 41*c + 106. What is the remainder when n(8) is divided by 15?
14
Suppose 4*g = -a + 259, -4*g + 134 = -2*g - 4*a. What is the remainder when -2*(g/(-10) - 2) is divided by 5?
2
Let l(s) = -8*s**3 - 3*s**2 + s. Let i be -2*(-1)/2*(-99)/33. Calculate the remainder when l(i) is divided by 4